{"id":1726,"date":"2019-02-25T14:29:48","date_gmt":"2019-02-25T13:29:48","guid":{"rendered":"http:\/\/www.labrisedemer.com\/wp-content\/uploads\/une2.jpg"},"modified":"2019-02-25T14:29:48","modified_gmt":"2019-02-25T13:29:48","slug":"sejour-adapte-a-la-brise-de-mer-pour-les-vacances-dhiver-revue-de-presse-2","status":"inherit","type":"attachment","link":"https:\/\/www.labrisedemer.com\/en\/sejour-adapte-a-la-brise-de-mer-pour-les-vacances-dhiver-revue-de-presse-2\/","title":{"rendered":"S\u00e9jour adapt\u00e9 \u00e0 La Brise de Mer pour les vacances d&rsquo;hiver : revue de presse"},"author":77777,"featured_media":0,"comment_status":"closed","ping_status":"closed","template":"","meta":{"_acf_changed":false,"_exactmetrics_skip_tracking":false,"_exactmetrics_sitenote_active":false,"_exactmetrics_sitenote_note":"","_exactmetrics_sitenote_category":0},"class_list":["post-1726","attachment","type-attachment","status-inherit","hentry"],"acf":[],"description":{"rendered":"<p class=\"attachment\"><a href='https:\/\/www.labrisedemer.com\/wp-content\/uploads\/une2.jpg'><img loading=\"lazy\" decoding=\"async\" width=\"1\" height=\"1\" src=\"https:\/\/www.labrisedemer.com\/wp-content\/uploads\/une2.jpg\" class=\"attachment-medium size-medium\" alt=\"\" \/><\/a><\/p>\n<p>Please don&#8217;t remove that. It&#8217;s just an empty symbolic file<\/p>\n"},"caption":{"rendered":"<p>Please don&#8217;t remove that. It&#8217;s just an empty symbolic file<\/p>\n"},"alt_text":"","media_type":"image","mime_type":"image\/png","media_details":{},"post":null,"source_url":"https:\/\/www.labrisedemer.com\/wp-content\/uploads\/une2.jpg","_links":{"self":[{"href":"https:\/\/www.labrisedemer.com\/en\/wp-json\/wp\/v2\/media\/1726"}],"collection":[{"href":"https:\/\/www.labrisedemer.com\/en\/wp-json\/wp\/v2\/media"}],"about":[{"href":"https:\/\/www.labrisedemer.com\/en\/wp-json\/wp\/v2\/types\/attachment"}],"author":[{"embeddable":true,"href":"https:\/\/www.labrisedemer.com\/en\/wp-json\/wp\/v2\/users\/77777"}],"replies":[{"embeddable":true,"href":"https:\/\/www.labrisedemer.com\/en\/wp-json\/wp\/v2\/comments?post=1726"}]}}

Séjour adapté à La Brise de Mer pour les vacances d&rsquo;hiver : revue de presse
